{"version":"1.0","provider_name":"Avantespacia Inmobiliaria - Casas de obra nueva","provider_url":"https:\/\/www.avantespacia.com\/fr\/","title":"Parc Central II","type":"rich","width":600,"height":338,"html":"<blockquote class=\"wp-embedded-content\" data-secret=\"9MdT1v9yp2\"><a href=\"https:\/\/www.avantespacia.com\/fr\/vente-dappartements\/parc-central-valencia-ll\/\">Parc Central II<\/a><\/blockquote><iframe sandbox=\"allow-scripts\" security=\"restricted\" src=\"https:\/\/www.avantespacia.com\/fr\/vente-dappartements\/parc-central-valencia-ll\/embed\/#?secret=9MdT1v9yp2\" width=\"600\" height=\"338\" title=\"\u00ab\u00a0Parc Central II\u00a0\u00bb &#8212; Avantespacia Inmobiliaria - Casas de obra nueva\" data-secret=\"9MdT1v9yp2\" frameborder=\"0\" marginwidth=\"0\" marginheight=\"0\" scrolling=\"no\" class=\"wp-embedded-content\"><\/iframe><script type=\"text\/javascript\">\n\/* <![CDATA[ *\/\n\/*! This file is auto-generated *\/\n!function(d,l){\"use strict\";l.querySelector&&d.addEventListener&&\"undefined\"!=typeof URL&&(d.wp=d.wp||{},d.wp.receiveEmbedMessage||(d.wp.receiveEmbedMessage=function(e){var t=e.data;if((t||t.secret||t.message||t.value)&&!\/[^a-zA-Z0-9]\/.test(t.secret)){for(var s,r,n,a=l.querySelectorAll('iframe[data-secret=\"'+t.secret+'\"]'),o=l.querySelectorAll('blockquote[data-secret=\"'+t.secret+'\"]'),c=new RegExp(\"^https?:$\",\"i\"),i=0;i<o.length;i++)o[i].style.display=\"none\";for(i=0;i<a.length;i++)s=a[i],e.source===s.contentWindow&&(s.removeAttribute(\"style\"),\"height\"===t.message?(1e3<(r=parseInt(t.value,10))?r=1e3:~~r<200&&(r=200),s.height=r):\"link\"===t.message&&(r=new URL(s.getAttribute(\"src\")),n=new URL(t.value),c.test(n.protocol))&&n.host===r.host&&l.activeElement===s&&(d.top.location.href=t.value))}},d.addEventListener(\"message\",d.wp.receiveEmbedMessage,!1),l.addEventListener(\"DOMContentLoaded\",function(){for(var e,t,s=l.querySelectorAll(\"iframe.wp-embedded-content\"),r=0;r<s.length;r++)(t=(e=s[r]).getAttribute(\"data-secret\"))||(t=Math.random().toString(36).substring(2,12),e.src+=\"#?secret=\"+t,e.setAttribute(\"data-secret\",t)),e.contentWindow.postMessage({message:\"ready\",secret:t},\"*\")},!1)))}(window,document);\n\/\/# sourceURL=https:\/\/www.avantespacia.com\/wp-includes\/js\/wp-embed.min.js\n\/* ]]> *\/\n<\/script>\n","thumbnail_url":"https:\/\/www.avantespacia.com\/wp-content\/uploads\/2025\/03\/PCII_ftd_202603_01.jpg","thumbnail_width":1080,"thumbnail_height":796,"description":"Programme immobilier en plein c\u0153ur de Valence, rue Francisco Largo Caballero, un emplacement strat\u00e9gique alliant tradition, modernit\u00e9 et qualit\u00e9 de vie. Un lieu o\u00f9 l'histoire et l'innovation se rencontrent, entour\u00e9 de commodit\u00e9s, b\u00e9n\u00e9ficiant de liaisons de transport imbattables et d'une offre culturelle et commerciale qui font de ce quartier l'un des plus dynamiques de la ville."}

Programme immobilier en plein cœur de Valence, rue Francisco Largo Caballero, un emplacement stratégique alliant tradition, modernité et qualité de vie. Un lieu où l'histoire et l'innovation se rencontrent, entouré de commodités, bénéficiant de liaisons de transport imbattables et d'une offre culturelle et commerciale qui font de ce quartier l'un des plus dynamiques de la ville.
